2213.
3, 17, 239, 75017
What are the prime factors of 6488818678?
2, 3244409339
List the prime factors of 33106635.
3, 5, 199, 3697
List the prime factors of 155146593.
3, 7, 263, 4013
List the prime factors of 45380031.
3, 53, 269, 1061
List the prime factors of 1041032397.
3, 83, 229, 18257
What are the prime factors of 43127202?
2, 3, 101, 71167
List the prime factors of 1184603873.
1184603873
What are the prime factors of 879713763?
3, 83, 929, 3803
What are the prime factors of 350419828?
2, 11, 1427, 5581
List the prime factors of 267823639.
19, 239, 58979
What are the prime factors of 19953903?
3, 17, 23, 17011
List the prime factors of 1542900279.
3, 514300093
List the prime factors of 224646250.
2, 5, 179717
What are the prime factors of 231692601?
3, 7, 113, 163, 599
List the prime factors of 544042517.
17, 5009, 6389
List the prime factors of 122295804.
2, 3, 37, 53, 5197
What are the prime factors of 4936585104?
2, 3, 11, 311, 911
What are the prime factors of 14034303?
3, 173263
What are the prime factors of 735549960?
2, 3, 5, 6129583
List the prime factors of 157859570.
2, 5, 11, 563, 2549
List the prime factors of 990497274.
2, 3, 13, 269, 47207
List the prime factors of 55603416.
2, 3, 11, 210619
What are the prime factors of 324779055?
3, 5, 1669, 12973
What are the prime factors of 638687489?
11, 19, 353, 787
What are the prime factors of 71016282?
2, 3, 3945349
What are the prime factors of 26728719?
3, 8909573
What are the prime factors of 33344927?
7, 11, 433051
What are the prime factors of 725714691?
3, 13, 59, 139, 2269
List the prime factors of 368199459.
3, 13637017
What are the prime factors of 1451009449?
17, 2521, 33857
List the prime factors of 675784139.
1489, 453851
List the prime factors of 2753268560.
2, 5, 7, 127, 38713
What are the prime factors of 779746123?
13, 17, 53, 66571
What are the prime factors of 20388623?
53, 384691
List the prime factors of 130443974.
2, 311, 209717
What are the prime factors of 2775367299?
3, 37, 373, 67033
List the prime factors of 140415995.
5, 28083199
List the prime factors of 164662944.
2, 3, 53, 32363
List the prime factors of 32257963.
32257963
What are the prime factors of 36866465?
5, 7373293
What are the prime factors of 681457380?
2, 3, 5, 173, 65651
What are the prime factors of 171383739?
3, 57127913
What are the prime factors of 2300721619?
7, 3767, 87251
What are the prime factors of 1497588232?
2, 7, 71, 376657
What are the prime factors of 8148350444?
2, 13, 17, 983, 9377
What are the prime factors of 378896529?
3, 11, 907, 12659
List the prime factors of 186587571.
3, 367, 169471
List the prime factors of 1245281528.
2, 155660191
List the prime factors of 98670474.
2, 3, 7, 87011
What are the prime factors of 963997093?
719, 1340747
What are the prime factors of 85434132?
2, 3, 7, 727, 1399
List the prime factors of 1827189261.
3, 203021029
What are the prime factors of 351650487?
3, 117216829
List the prime factors of 158228350.
2, 5, 7, 17, 29, 131
List the prime factors of 1053448910.
2, 5, 105344891
List the prime factors of 99346786.
2, 7, 11, 751, 859
What are the prime factors of 90322431?
3, 30107477
List the prime factors of 4011884269.
4011884269
What are the prime factors of 121276743?
3, 7, 31, 241, 773
List the prime factors of 169401656.
2, 4457, 4751
What are the prime factors of 61553829?
3, 37, 53, 10463
What are the prime factors of 698942944?
2, 7, 3120281
What are the prime factors of 30478579?
1979, 15401
List the prime factors of 1441865807.
3853, 374219
List the prime factors of 2237644190.
2, 5, 37, 79, 2069
What are the prime factors of 74802520?
2, 5, 13, 97, 1483
What are the prime factors of 139051092?
2, 3, 17, 681623
List the prime factors of 88406580.
2, 3, 5, 1473443
What are the prime factors of 81557490?
2, 3, 5, 7, 388369
List the prime factors of 1275039856.
2, 2543, 31337
What are the prime factors of 2139572861?
23, 93024907
What are the prime factors of 69832534?
2, 34916267
What are the prime factors of 874175297?
874175297
What are the prime factors of 45844505?
5, 7, 29, 31, 47
List the prime factors of 277712726.
2, 138856363
List the prime factors of 1155475561.
769, 1502569
What are the prime factors of 194013086?
2, 47, 197, 10477
What are the prime factors of 24881270?
2, 5, 331, 7517
List the prime factors of 5943608.
2, 11, 17, 29, 137
List the prime factors of 2172409058.
2, 1086204529
What are the prime factors of 8027096?
2, 7, 11, 83, 157
List the prime factors of 416703689.
107, 211, 18457
What are the prime factors of 6946238986?
2, 3473119493
What are the prime factors of 3563354180?
2, 5, 2731, 65239
What are the prime factors of 1272372305?
5, 23, 257, 43051
What are the prime factors of 52211687?
11, 29, 163673
What are the prime factors of 38799653?
19, 41, 49807
What are the prime factors of 1511879220?
2, 3, 5, 397, 21157
What are the prime factors of 386002492?
2, 96500623
What are the prime factors of 380276498?
2, 7, 27162607
List the prime factors of 68684997.
3, 22894999
List the prime factors of 228702359.
61, 3749219
List the prime factors of 29177940.
2, 3, 5, 11, 4019
What are the prime factors of 331224925?
5, 31, 37, 11551
List the prime factors of 26060256.
2, 3, 41, 2207
List the prime factors of 1915854617.
1915854617
List the prime factors of 6062469.
3, 7, 288689
List the prime factors of 77385813.
3, 25795271
List the prime factors of 16931024.
2, 11, 96199
List the prime factors of 100188597.
3, 71, 647, 727
List the prime factors of 7841651149.
17, 27133741
List the prime factors of 98760750.
2, 3, 5, 11, 11971
What are the prime factors of 108053864?
2, 13506733
What are the prime factors of 120231392?
2, 19, 31, 6379
What are the prime factors of 5723193180?
2, 3, 5, 95386553
What are the prime factors of 1731828046?
2, 13, 17, 79, 49597
List the prime factors of 29772834.
2, 3, 7, 13, 31, 1759
What are the prime factors of 10715716?
2, 11, 243539
List the prime factors of 737935418.
2, 11, 853, 39323
List the prime factors of 25208944.
2, 73, 113, 191
What are the prime factors of 461697039?
3, 1429, 35899
List the prime factors of 6454921994.
2, 353, 9142949
List the prime factors of 3158792117.
13, 17, 67, 383, 557
What are the prime factors of 106934891?
7, 61, 250433
What are the prime factors of 27006380?
2, 5, 1350319
List the prime factors of 158263402.
2, 11, 61, 71, 151
List the prime factors of 660621080.
2, 5, 7, 1249, 1889
List the prime factors of 23079346.
2, 113, 102121
List the prime factors of 416639653.
151, 2759203
List the prime factors of 1587059468.
2, 271, 379, 3863
What are the prime factors of 17397875?
5, 11, 12653
What are the prime factors of 51447688?
2, 23, 279607
What are the prime factors of 215656226?
2, 7247, 14879
What are the prime factors of 75193626?
2, 3, 12532271
What are the prime factors of 23319554?
2, 491, 23747
What are the prime factors of 12668112?
2, 3, 87973
List the prime factors of 925601484.
2, 3, 1213, 63589
List the prime factors of 63055169.
197, 331, 967
What are the prime factors of 2143678819?
19, 112825201
What are the prime factors of 283888733?
307, 924719
What are the prime factors of 492669895?
5, 98533979
List the prime factors of 23410352.
2, 7, 209021
List the prime factors of 27787701.
3, 9262567
List the prime factors of 485384950.
2, 5, 9707699
What are the prime factors of 57763403?
89, 97, 6691
What are the prime factors of 160772268?
2, 3, 79, 169591
What are the prime factors of 18859773?
3, 29, 216779
What are the prime factors of 144749333?
71, 89, 22907
List the prime factors of 419112820.
2, 5, 7, 2993663
What are the prime factors of 2517460028?
2, 17, 31, 1194241
List the prime factors of 609409297.
7, 87058471
List the prime factors of 1045991988.
2, 3, 197, 211, 233
List the prime factors of 97784766.
2, 3, 101, 17929
List the prime factors of 77843931.
3, 11, 19, 124153
What are the prime factors of 14851528?
2, 1856441
List the prime factors of 49665719.
29, 41, 41771
List the prime factors of 541606678.
2, 61, 97, 45767
What are the prime factors of 30770003?
11, 2797273
What are the prime factors of 4925413156?
2, 43, 5023, 5701
List the prime factors of 75724621.
7, 10817803
List the prim